21. Calculate the highest common factor of a and y.
11
Let i = -524 + 704. What is the greatest common factor of 100 and i?
20
Let x be ((5 - -67) + -8)/(1 + 1). Let m = 160 + -32. What is the highest common divisor of m and x?
32
Suppose -r + 5 = -0*r. Suppose r*l = 4*l + 3. Calculate the greatest common factor of l and 27.
3
Let n(b) = -2*b**3 + 11*b**2 + 23*b - 7. Let f be n(5). Calculate the greatest common factor of f and 95.
19
Let j(z) = 12*z - 16. Let x(u) = u**3 + 6*u**2 + 3*u. Let s be x(-5). Let l be j(s). Suppose 4*p - 55 + 3 = 0. What is the greatest common factor of l and p?
13
Suppose 135 = -40*n + 45*n - 5*x, -102 = -4*n + x. What is the greatest common divisor of 725 and n?
25
Let y be (-5)/((-50)/4)*-5. Let a be y/(-4)*15*8/6. Calculate the greatest common divisor of a and 10.
10
Let s be ((-2)/4)/((-9)/1566). What is the greatest common factor of 232 and s?
29
Let j = 756 + -755. Let w(v) = v + 4. Let l be w(3). Calculate the greatest common factor of j and l.
1
Let y(m) = 2*m**3 - 13*m**2 - 7*m + 9. Let c be y(7). What is the highest common factor of c and 387?
9
Suppose 0 = 4*x - 2*u - 1002, -7*u - 764 = -3*x - 8*u. Calculate the highest common divisor of x and 46.
23
Suppose 11 = 2*q - 99. Let v be 2/(-7) + (4 - 18/(-14)). What is the greatest common divisor of q and v?
5
Suppose -7*b - 429 + 506 = 0. Calculate the highest common factor of 297 and b.
11
Let w = 201 - 109. What is the greatest common factor of 8 and w?
4
Let r = -336 + 340. What is the greatest common divisor of r and 2?
2
Suppose b - 3*b = -40. Let u be b/6*-9*(-3)/15. Suppose -w = 2*w - 6. Calculate the highest common divisor of u and w.
2
Suppose 5*c - 20 = -5*a, 4*c = -0*c + a + 6. Let s be 8/(-20) - (-364)/10. Suppose -y = -3*y + s. Calculate the highest common factor of y and c.
2
Let j(w) = w**2 - 8*w + 14. Let u = 137 + -131. Let o be j(u). What is the highest common factor of o and 8?
2
Suppose k + c - 4 = 0, -k = 3*c - 0*c - 2. Calculate the greatest common factor of k and 45.
5
Let m(a) = -69*a - 27. Let v be m(-7). Calculate the greatest common factor of v and 19.
19
Suppose 0 = -w + 5*r - 6, w = r + 2*r. Suppose 5 = 7*n - w. Suppose -3*a = n*y - 27 - 4, 5*y - 67 = -4*a. Calculate the greatest common divisor of 1 and y.
1
Let y(s) = 263*s - 21. Let o be y(3). Calculate the highest common factor of o and 24.
24
Suppose -4*a + 76 = -48. Suppose 3*n + 4 - 13 = -3*y, y = -5*n + a. Let d(j) = -8*j - 24. Let o be d(-10). What is the highest common factor of o and n?
7
Let i be (2 + -4)/(4/(-18)). Suppose 0 = b - 5, -3*b + 11 = -2*x - 2. Calculate the greatest common divisor of x and i.
1
Suppose -3*x + 176 = -58. Let g = -27 + 20. Let v(p) = p**2 + 3*p - 15. Let u be v(g). Calculate the highest common factor of x and u.
13
Suppose -11*d + 17*d = 1428. Suppose 0 = 5*o - d - 237. What is the greatest common factor of o and 19?
19
Let p be (-4)/(((-3)/(-117))/(4/(-24))). Calculate the highest common divisor of p and 312.
26
Let s = -2284 - -2446. Let q be (-35)/(-2) - (-2)/4. Calculate the highest common divisor of q and s.
18
Let g = 190 + -158. What is the highest common divisor of g and 112?
16
Suppose -4*a + 9 = 21. Let r be ((-188)/60 - a) + 3904/30. Calculate the highest common factor of 10 and r.
10
Suppose -48*n + 51*n - 36 = 0. Calculate the highest common divisor of n and 21.
3
Suppose 8*c = 2274 + 806. What is the highest common factor of c and 154?
77
Let s be (155 - 35) + 0/(1 - 2). What is the greatest common factor of s and 150?
30
Suppose 0*n - 3*n - 958 = -4*u, -2*u + 476 = -3*n. Suppose 4*f - 67 - u = 0. Suppose 6*y - 7 = 5*y. What is the highest common divisor of y and f?
7
Suppose 0 = 15*j - 16*j + 54. What is the highest common factor of 135 and j?
27
Let h be 1 + (0/1 - -1). Suppose -18*s - 3*s = -42. Calculate the highest common factor of s and h.
2
Suppose -2*i + 474 = 5*q - i, -2*i - 287 = -3*q. Let w = -25 + 44. Calculate the highest common divisor of w and q.
19
Suppose -9*q = -3516 + 906. Calculate the greatest common divisor of q and 10.
10
Let s = -294 - -298. Calculate the highest common factor of 64 and s.
4
Suppose 0 = 20*x - 7*x - 20787. Calculate the greatest common factor of x and 39.
39
Let i(r) = 122*r + 29. Let a be i(4). What is the highest common factor of a and 94?
47
Let r = 14 + -12. Let p be ((-36)/24)/(1/r). Let h be -3*(7/3 + p). Calculate the greatest common factor of 4 and h.
2
Suppose 0 = 5*j - 12 - 43. Let d(z) = 45*z + 43. Let g be d(7). Let k = -237 + g. What is the greatest common factor of j and k?
11
Suppose -17*r = -405 - 1312. Calculate the greatest common divisor of r and 1.
1
Let k be ((-8)/24)/((-2)/6). Let q be (-3)/1 + k + 7. Calculate the greatest common factor of 40 and q.
5
Let o = 507 + -299. Calculate the greatest common factor of 32 and o.
16
Suppose 6 = 2*y, 2*y + 61 = 4*r + 5*y. Suppose -3*q - 2 + 5 = 0. Calculate the greatest common factor of r and q.
1
Let s be (-1944)/(-60) - 5/((-75)/9). What is the greatest common divisor of s and 6?
3
Suppose 0 = -40*q + 43*q + 117. Let j = q - -41. Suppose j*v = v + 189. Calculate the highest common factor of 21 and v.
21
Let b be 16/6 + 16/(-24). Suppose b*j = -j + 9. Suppose -2*k - 16 = -j*k. Calculate the greatest common divisor of k and 112.
16
Let v(a) = a**3 + 13*a**2 + 2*a - 9. Let z be v(-7). Suppose 4*m - 477 - z = 0. Let p = -26 + 43. What is the greatest common divisor of p and m?
17
Let y be 3 - 1 - ((-225)/(-3))/(-3). Let l = 45 - y. Let a(x) = x**3 + x**2 + x - 3. Let b be a(3). What is the greatest common factor of b and l?
18
Suppose 0 = -m - 2*c + c + 195, m - c - 203 = 0. Let x be (-2 - 1)/(-15) - 1482/(-15). Let y = m - x. What is the highest common factor of y and 10?
10
Let h be (1 + 365)/(94/141). What is the highest common divisor of h and 3?
3
Suppose -5*q = -59 - 151. Let w be (105/(-4))/((-3)/12). What is the highest common divisor of q and w?
21
Suppose 0 = 4*l - 5*r - 370 + 97, -2*l + 141 = -r. Calculate the greatest common factor of l and 96.
24
Let w(x) = 3*x**2 - 5*x - 3. Let q be w(-4). Let d(k) = -2*k + 58. Let f be d(16). Calculate the greatest common divisor of f and q.
13
Let x be 2/((1/(-6))/(3/(-6))). Calculate the highest common divisor of 354 and x.
6
Let h be 44/8*68/2. Suppose 24*l + 86 = 494. What is the greatest common factor of h and l?
17
Suppose 2*c + 3*x - 27 = -3*c, 0 = -4*c + 5*x - 8. Let i be 6/(c - 2 - -1). Let p be 4/i*(-45)/(-10). Calculate the highest common factor of p and 48.
6
Suppose -12*m + 1872 = 4*m. Calculate the greatest common factor of m and 143.
13
Let z(l) be the first derivative of l**3/3 + 6*l**2 + 26*l - 43. Let a be z(-12). What is the highest common factor of 26 and a?
26
Let z be ((-66)/10)/((-6)/90). What is the highest common divisor of z and 231?
33
Let q = -61 + 57. Let u = 9 + -6. Let y be (16 + q)*u + -4. What is the highest common factor of 8 and y?
8
Let i be 4/(-4) - (-41)/((-82)/(-6300)). Calculate the highest common divisor of i and 67.
67
Let j be 32/(-6)*(5 + -41). Suppose -10*l + 6*l + j = 0. What is the highest common divisor of l and 24?
24
Suppose -7474 = -3*y - 3058. Calculate the highest common divisor of 92 and y.
92
Suppose 5*g + 1 = 6*g. Let n be (36/(-27))/(g/(-6)). Suppose -4*q + 12 = n. What is the highest common divisor of q and 1?
1
Suppose 2*k + 3 = 7. Suppose -y = -k*y. Let q be 8 + (y - (-1 + 1)). Calculate the greatest common factor of 4 and q.
4
Let q(u) = -3*u**2 + 182*u - 83. Let l be q(60). Suppose -4*k + k = -c + 148, 740 = 5*c - k. Calculate the highest common factor of l and c.
37
Let k(c) = -c - 3. Let r be k(2). Let h be (r + 0)*(-11)/((-22)/(-4)). Suppose 2*v - 5*u = 45, -3*u = -4*u - 3. Calculate the greatest common factor of h and v.
5
Let f be (24/(-18))/((-4)/486). Let k be 1*f*2/4. What is the highest common divisor of k and 27?
27
Let a = 49 - 33. Suppose 4*g - 19 = 3*t, 4*g = -0*g - 4*t - a. What is the greatest common factor of g and 11?
1
Let l = 8 - 5. Let n = 1571 - 897. Suppose 666 = l*k - 3*m, 2*k = -k - m + n. What is the highest common factor of 28 and k?
28
Suppose d - 124 + 106 = 0. Calculate the highest common divisor of d and 138.
6
Let j be (2/4)/(9/(439 - 7)). What is the highest common divisor of j and 2